{"id":125,"date":"2016-03-19T20:21:15","date_gmt":"2016-03-19T20:21:15","guid":{"rendered":"http:\/\/94.246.179.17\/wp\/?page_id=125"},"modified":"2025-11-27T21:07:02","modified_gmt":"2025-11-27T20:07:02","slug":"promocje","status":"publish","type":"page","link":"https:\/\/m-connect.pl\/?page_id=125","title":{"rendered":"PROMOCJE"},"content":{"rendered":"<blockquote class=\"wp-embedded-content\" data-secret=\"FgEbmJF2EO\"><p><a href=\"https:\/\/m-connect.pl\/?p=2631\">Abonament za 1z\u0142 ?<\/a><\/p><\/blockquote>\n<p><iframe loading=\"lazy\" class=\"wp-embedded-content\" sandbox=\"allow-scripts\" security=\"restricted\" style=\"position: absolute; visibility: hidden;\" title=\"&#8222;Abonament za 1z\u0142 ?&#8221; &#8212; m-Connect\" src=\"https:\/\/m-connect.pl\/?p=2631&#038;embed=true#?secret=0y2TqCdN2b#?secret=FgEbmJF2EO\" data-secret=\"FgEbmJF2EO\" width=\"600\" height=\"338\" frameborder=\"0\" marginwidth=\"0\" marginheight=\"0\" scrolling=\"no\"><\/iframe><\/p>\n<blockquote class=\"wp-embedded-content\" data-secret=\"pLY7IZ839C\"><p><a href=\"https:\/\/m-connect.pl\/?p=2596\">ZAM\u00d3W NA PR\u00d3B\u0118<\/a><\/p><\/blockquote>\n<p><iframe loading=\"lazy\" class=\"wp-embedded-content\" sandbox=\"allow-scripts\" security=\"restricted\" style=\"position: absolute; visibility: hidden;\" title=\"&#8222;ZAM\u00d3W NA PR\u00d3B\u0118&#8221; &#8212; m-Connect\" src=\"https:\/\/m-connect.pl\/?p=2596&#038;embed=true#?secret=WkTRIjlBeB#?secret=pLY7IZ839C\" data-secret=\"pLY7IZ839C\" width=\"600\" height=\"338\" frameborder=\"0\" marginwidth=\"0\" marginheight=\"0\" scrolling=\"no\"><\/iframe><\/p>\n<blockquote class=\"wp-embedded-content\" data-secret=\"ZQ3RydhNFR\"><p><a href=\"https:\/\/m-connect.pl\/?p=58\">Przed\u0142u\u017c umow\u0119<\/a><\/p><\/blockquote>\n<p><iframe loading=\"lazy\" class=\"wp-embedded-content\" sandbox=\"allow-scripts\" security=\"restricted\" style=\"position: absolute; visibility: hidden;\" title=\"&#8222;Przed\u0142u\u017c umow\u0119&#8221; &#8212; m-Connect\" src=\"https:\/\/m-connect.pl\/?p=58&#038;embed=true#?secret=k04SflEtby#?secret=ZQ3RydhNFR\" data-secret=\"ZQ3RydhNFR\" width=\"600\" height=\"338\" frameborder=\"0\" marginwidth=\"0\" marginheight=\"0\" scrolling=\"no\"><\/iframe><\/p>\n","protected":false},"excerpt":{"rendered":"<p>Abonament za 1z\u0142 ? ZAM\u00d3W NA PR\u00d3B\u0118 Przed\u0142u\u017c umow\u0119<\/p>\n","protected":false},"author":1,"featured_media":0,"parent":0,"menu_order":0,"comment_status":"closed","ping_status":"closed","template":"page-fullwidth.php","meta":{"footnotes":""},"class_list":["post-125","page","type-page","status-publish","hentry"],"_links":{"self":[{"href":"https:\/\/m-connect.pl\/index.php?rest_route=\/wp\/v2\/pages\/125","targetHints":{"allow":["GET"]}}],"collection":[{"href":"https:\/\/m-connect.pl\/index.php?rest_route=\/wp\/v2\/pages"}],"about":[{"href":"https:\/\/m-connect.pl\/index.php?rest_route=\/wp\/v2\/types\/page"}],"author":[{"embeddable":true,"href":"https:\/\/m-connect.pl\/index.php?rest_route=\/wp\/v2\/users\/1"}],"replies":[{"embeddable":true,"href":"https:\/\/m-connect.pl\/index.php?rest_route=%2Fwp%2Fv2%2Fcomments&post=125"}],"version-history":[{"count":17,"href":"https:\/\/m-connect.pl\/index.php?rest_route=\/wp\/v2\/pages\/125\/revisions"}],"predecessor-version":[{"id":6743,"href":"https:\/\/m-connect.pl\/index.php?rest_route=\/wp\/v2\/pages\/125\/revisions\/6743"}],"wp:attachment":[{"href":"https:\/\/m-connect.pl\/index.php?rest_route=%2Fwp%2Fv2%2Fmedia&parent=125"}],"curies":[{"name":"wp","href":"https:\/\/api.w.org\/{rel}","templated":true}]}}